Let k be a(23). What is the highest common divisor of 13 and k?
13
Let u(y) = -y**3 + 5*y**2 + 3*y + 6. Let q be u(-3). What is the greatest common factor of q and 12?
3
Let t be 25*(-10 - 924/(-60)). Calculate the greatest common factor of 63 and t.
9
Let q be 86/4 + (-1 - (-3)/6). Calculate the highest common factor of 35 and q.
7
Let n = -9256 - -9265. Let a(j) = 98*j**2 + 1. Let z be a(-1). What is the highest common divisor of n and z?
9
Let p be -3 + 1/(2/138). Let q be ((-84)/(-8))/7*p. Calculate the highest common factor of q and 11.
11
Let o(v) be the first derivative of -v**4/4 - v**3/3 + 2*v**2 + v - 2. Let i be o(-3). Calculate the highest common factor of 1 and i.
1
Suppose -3*a + 10 = 2*p - 18, -4*a - 3*p = -39. What is the greatest common factor of a and 159?
3
Suppose -13 + 3 = -5*z. Suppose -2*k - z*r = -162, 0*k + 5*r - 165 = -2*k. What is the greatest common factor of 5 and k?
5
Let o(p) = 24*p - 259. Let x be o(11). Let k be 44 - 2 - 6/3. What is the greatest common factor of x and k?
5
Let q be (-8107)/(-55) + 3/5. Let h = q + -106. Calculate the greatest common factor of h and 21.
21
Suppose p - 8 = -b - 0*b, b - 18 = -2*p. Let j be 19747/65 - (-2)/p*1. What is the highest common divisor of j and 38?
38
Suppose 4 = 5*k - 36. Suppose -k*p + 6*p = -20. What is the highest common factor of p and 30?
10
Suppose -2 = -4*j + 30. Suppose 0*c - 176 = -j*c. Calculate the greatest common divisor of c and 11.
11
Let v = -40 - -94. Calculate the highest common factor of 189 and v.
27
Let n(y) = -y - 6. Let z be n(-4). Let m be 5 + z - (-85)/5. Calculate the highest common factor of m and 140.
20
Let h = -1164 - -2084. Calculate the highest common divisor of h and 40.
40
Let o be (1/(-2))/(28/(-56)). What is the highest common divisor of 6 and o?
1
Suppose -4*h = 4*x - 500, -2*x + 492 = -h + 5*h. Let b(r) = -r**3 + 5*r**2 + r + 6. Let n be b(5). What is the greatest common factor of h and n?
11
Let x = -15 - -21. Let r be (-6)/((-3 - -1) + 0). Suppose -6*c + 18 = -r*c. Calculate the greatest common divisor of x and c.
6
Let z(r) = 66*r - 168. Let f be z(17). What is the highest common factor of f and 18?
18
Let z(j) = -38*j - 9. Let n be z(-3). Suppose 0*i - n = -7*i. Suppose 0*q + 600 = 5*q. What is the greatest common divisor of i and q?
15
Suppose -p + 2*j + 78 = 0, 4*p - 3*j - 288 = -j. Calculate the greatest common factor of 170 and p.
10
Suppose 5*o = 2*j - 1252, 4*j - 958 = -o + 1502. What is the highest common factor of j and 56?
56
Let m = 3691 - 2035. Calculate the highest common factor of 46 and m.
46
Let a(i) be the first derivative of i**4/4 + 10*i**3/3 + 3*i + 2. Let g be a(-10). Let u be 110/g*18/6. What is the greatest common divisor of 44 and u?
22
Let i be (2/4)/(21720/(-1552) - -14). Calculate the highest common factor of 1649 and i.
97
Let d(g) = 16*g**3 - g. Let x be d(1). What is the highest common divisor of 75 and x?
15
Let k(b) = 3*b - 51. Let w be -2 + 7/((-28)/(-96)). Let q be k(w). What is the greatest common divisor of q and 60?
15
Let k(f) = f**2 - 2*f - 14. Let o be k(10). Let h be (o/(-8))/((-9)/288). Suppose -5*n + 36 = -84. What is the greatest common factor of h and n?
24
Suppose -26*c - 794 = -3056. Calculate the greatest common divisor of c and 29.
29
Suppose 0 = -8*u - 7*u + 120. What is the highest common divisor of 124 and u?
4
Suppose -131 - 121 = -9*x. Let g be x/(-35) - 22/10. Let p be ((-12)/(-8))/(g/(-6)). What is the greatest common factor of p and 33?
3
Let u be (-310 + 13)*40/(-24). What is the greatest common factor of 66 and u?
33
Suppose 0 = -2*g + 3*g - 135. What is the highest common divisor of 81 and g?
27
Let j = 38 + -28. Suppose -9*a - 44 = j. Let h = a - -17. What is the highest common divisor of h and 44?
11
Suppose 0 = -2*m - 2, -6*n - 5*m + 170 = -n. Calculate the greatest common divisor of 14 and n.
7
Let q be -3 + 1624/(-42)*3/(-2). Let t = 5 - 0. What is the highest common divisor of q and t?
5
Let g = 26 - 23. Let c be ((-14)/g)/((-26)/39). What is the greatest common divisor of 1 and c?
1
Let p = -42 - -70. Calculate the greatest common factor of 812 and p.
28
Let h be (-10 - -11) + 1/1. Let f be -4 + h + 0 + 32 + -2. What is the highest common factor of f and 308?
28
Let f(k) = k**2 - 7*k - 33. Let h be f(11). What is the greatest common factor of h and 187?
11
Suppose 30*c + 24 = 38*c. What is the greatest common divisor of c and 96?
3
Let m(v) = -v**2 + 6*v + 14. Let h be m(10). Let y = 14 - h. Calculate the highest common divisor of 16 and y.
8
Suppose 225 = 3*d + y, -13*d + 14*d = -5*y + 61. Let z be 228*(-2)/4*-1. What is the highest common factor of d and z?
38
Suppose -2*w + 3*t = -162, -11*t + 13*t + 8 = 0. Let a be ((-180)/(-8))/((-2)/(-4)). Calculate the greatest common factor of w and a.
15
Let u = 41 - 5. Suppose 7*c - 60 = 2*c. What is the highest common divisor of c and u?
12
Let g = 200 + -190. Calculate the greatest common divisor of g and 45.
5
Suppose 7*f - 32 = 5*f. Calculate the greatest common factor of f and 88.
8
Suppose 14*p - 39*p = -1800. Calculate the greatest common factor of 96 and p.
24
Let y = -22 - -66. What is the greatest common factor of y and 418?
22
Suppose -18 = 9*v - 27*v. Calculate the greatest common divisor of 49 and v.
1
Let i = -9 - -2. Let s(n) = 9*n - 5. Let x(q) = -q. Let m(z) = -s(z) - 6*x(z). Let o be m(i). Calculate the highest common factor of o and 65.
13
Let m(p) = p**2 + 13*p + 10. Let n be m(-13). Let t(w) = 2*w**2 - 4*w + 10. Let k be t(7). What is the highest common factor of k and n?
10
Let n = 2037 - 1850. Suppose -4*v - 3 = -7. Let o be v + 1 + (1 - -14). What is the highest common divisor of o and n?
17
Let k(d) = 88*d + 367. Let z be k(11). What is the highest common divisor of z and 30?
15
Suppose 7*h = 4*h + 66. What is the highest common divisor of 198 and h?
22
Let j(g) = -14*g - 17. Let n be j(-8). Suppose 0 = -t - 31 + n. What is the greatest common divisor of t and 8?
8
Suppose 8 = -z + 13. Let x(c) = c**3 - 5*c**2 + c + 6. Let p be x(z). Calculate the highest common divisor of p and 33.
11
Let a be 4/2 + 0 + 271. Let b(d) = d**2 + 14. Let n be b(5). What is the greatest common divisor of a and n?
39
Let k = 445 + -117. Calculate the greatest common divisor of k and 8.
8
Let d = -127 - -135. Calculate the greatest common factor of 6 and d.
2
Let i be (-73853)/(-92) + 6/(-8) + -1. What is the greatest common divisor of i and 89?
89
Suppose -2*g + 0*g = 0, -4*m - 36 = 4*g. Let y = m + 18. Let b be 1*-9*(2 + -3). Calculate the greatest common divisor of b and y.
9
Let q be 33/(-8 - 85/(-10)). Suppose -47 = -5*u + 63. Calculate the greatest common factor of u and q.
22
Let h(z) = -9*z**2 + 0*z + 1 + 2*z + 15*z**2 - z**3. Let a be h(5). Calculate the highest common divisor of a and 288.
36
Suppose j - 6*b + 2*b - 93 = 0, 0 = -5*j - 5*b + 340. Calculate the highest common factor of 657 and j.
73
Suppose -151 - 185 = 4*r. Let b be r/(-10) + (-12)/30. Suppose -2*y = -36 - b. What is the highest common factor of y and 110?
22
Let c(p) = p**2 + 14*p - 7. Let f be c(7). What is the greatest common factor of f and 35?
35
Let u = -71 - -72. Calculate the highest common divisor of 6 and u.
1
Let j be -2885*(1 - (3 + -1)). Let i be 3/(-12) + j/20. Suppose -h - i = -9*h. Calculate the greatest common divisor of h and 45.
9
Let j be (-2 - 70/(-20))*(-100)/(-6). What is the highest common factor of 325 and j?
25
Let h = 2108 + -1856. Calculate the highest common divisor of 924 and h.
84
Let p = 3882 + -1932. What is the greatest common divisor of p and 78?
78
Let y(x) = -28*x + 10. Let o be y(-2). What is the greatest common factor of o and 22?
22
Suppose -15*z = 25*z - 120. What is the greatest common factor of 12 and z?
3
Let t be (-6)/(-2) + (-7 - -6). Suppose b = -t + 26. Let r(w) = w**2 + 4*w - 9. Let u be r(-6). What is the greatest common factor of u and b?
3
Suppose -i + t = -3*t - 38, 3*i + 2*t - 44 = 0. Suppose -9*a - 414 = -1710. Calculate the greatest common factor of i and a.
18
Suppose -47*c + 28*c + 228 = 0. Let x be (-3)/((-9)/(-4))*-72. Calculate the greatest common divisor of x and c.
12
Suppose -11*h + 1396 = 2*z, -2*h - z = -7*h + 625. Calculate the greatest common factor of 441 and h.
63
Let g